 Is 3 a factor of m?
False
Let m(u) = u**3 + 9*u**2 - 11*u + 8. Let p be m(-10). Let h = p - -52. Is 35 a factor of h?
True
Suppose -3*j = 11 - 2, -9 = -f + 2*j. Does 2 divide f?
False
Let a(k) = -19*k + 187. Is a(6) a multiple of 2?
False
Let b(h) = -18*h - 86. Does 10 divide b(-12)?
True
Let u(f) = 2*f**3 + f**2 + 4*f - 2. Let d(g) = 5*g**3 + 4*g**2 + 13*g - 6. Let r(x) = 3*d(x) - 8*u(x). Is 5 a factor of r(-3)?
True
Let v be 1*7/(14/1518). Suppose 4*r + 610 = 2*f, 5*r = -4*f - 23 - v. Let z = r + 231. Is 21 a factor of z?
False
Let j(t) = -24*t - 1. Let l be j(3). Let u = 35 - l. Is 36 a factor of u?
True
Let a be (-2)/(-2)*(-21 + 18). Let m be ((-4)/a)/(2/132). Let b = m - 20. Does 17 divide b?
True
Let l = 9 + -21. Let s = 14 + l. Suppose -16 = 4*o, s*b + 2*o = 4*o + 24. Is 3 a factor of b?
False
Let q be -6 + 3 - -7 - -22. Let x = -28 + q. Is (-6)/(-5)*(-20)/x a multiple of 12?
True
Suppose 4*x - 57 = x. Let g = 29 - x. Is 5 a factor of g?
True
Suppose 3*z - 4 + 1 = 0. Let w = 5 - z. Suppose w*a + 96 = b, -3*a = 2*a + 25. Is b a multiple of 20?
False
Let q(t) = -14*t + 52. Let l be q(5). Let n = l - -28. Is n a multiple of 6?
False
Suppose 20*h - 18703 - 10017 = 0. Is 27 a factor of h?
False
Suppose 3*o - 3*x + 1 - 4 = 0, 13 = 3*o - 5*x. Is 12 a factor of (o - (-4)/6)/((-2)/36)?
True
Let l(b) = 2 - 7 - b**3 + 0*b**3 + 0*b**3 - 5*b + 8*b**2. Is 5 a factor of l(7)?
False
Suppose -134*a - 468 = -143*a. Is a a multiple of 27?
False
Is 148/16*(-1272)/(-6) a multiple of 24?
False
Let l(s) = 3*s**2 - 13*s - 6. Let r be l(5). Does 13 divide r/(-16) - (-826)/8?
False
Let n = 1330 + 3044. Is 61 a factor of n?
False
Let i(c) = -c**3 + 35*c**2 - 54*c + 140. Is i(33) a multiple of 7?
False
Let q = 16 + 21. Let f = q + 23. Does 17 divide 5/((-5)/4) + f?
False
Let f = -197 + 253. Let p be (-4)/(-14) + (-136)/(-14). Let o = p + f. Is o a multiple of 18?
False
Suppose 0 = -6*z + 1584 + 2112. Is z a multiple of 56?
True
Let d(w) = -20*w - 15. Let v(o) = -o. Let n(x) = d(x) - 5*v(x). Is 10 a factor of n(-5)?
True
Let t(o) = o**3 + 27*o**2 + 51*o - 20. Is t(-24) a multiple of 11?
True
Suppose -2754*u = -2768*u + 728. Is 11 a factor of u?
False
Let c(w) = -w**2 + 6*w + 14. Let k(y) = 4*y**2 - 29*y - 71. Let h(l) = -11*c(l) - 2*k(l). Does 11 divide h(6)?
False
Let l(n) = -2*n**3 - 15*n**2 + 24*n - 63. Is l(-12) a multiple of 27?
True
Let i(r) be the third derivative of -r**5/60 - r**4/4 + 5*r**3/6 - 2*r**2. Let h be i(-6). Suppose 0 = -h*y - 3*q + 34 - 7, 2*y + q = 10. Is 2 a factor of y?
False
Suppose 2*b - 54 - 22 = 0. Suppose -5 = -5*c + 4*c + n, 0 = -c - 5*n + 35. Let h = c + b. Is 16 a factor of h?
True
Is (-30)/8*1280/(-30) a multiple of 20?
True
Let d be ((-1)/(-3))/(9/162). Let k(r) = 2*r**2 + 4*r + 6. Is k(d) a multiple of 34?
True
Let g(y) = -y + 11. Let a be g(14). Let c be (1/a)/(7/(-42)). Suppose c*o + 3*d = 26, 8 = o + 4*d - 15. Is 3 a factor of o?
False
Let p = -87 + 115. Does 8 divide 16/p*23*(-14)/(-4)?
False
Suppose g = -4*g - 1425. Is 2*(g/(-10) - -3) a multiple of 30?
False
Suppose 0 = 6*y - 2*y - 4*s + 32, y - 4*s = -23. Let n(p) = -4*p**3 + 1 + 3*p**3 - p + 0*p**3. Is 10 a factor of n(y)?
False
Let j = 538 + -374. Suppose 2*b = -4*s + 4*b + 312, -2*s + j = b. Is s a multiple of 16?
True
Let u(y) = y + 1. Let v(m) = -3. Let t(w) = -2*u(w) - v(w). Let s be t(-2). Suppose -3*n + p + 111 = s*p, -2*n = -4*p - 74. Is 8 a factor of n?
False
Let t be 1/2*-6 - 25. Let b be 2/8 + (-133)/t. Let x = -2 + b. Is 3 a factor of x?
True
Let q(n) = -n**3 + 18*n**2 + n - 15. Let w be q(18). Suppose -3*m + 7*m + a = -34, 22 = -w*m + a. Is 12 a factor of 276/14 - m/28?
False
Let y = -16 + 20. Suppose 2*i = y*i. Is 13 a factor of (-3 + i - -2)*-26?
True
Does 10 divide 36/(-10)*(-7760)/32?
False
Suppose 0 = -3*w + 5*j + 20, 8 = 4*w - 2*j - 0*j. Let q = -6 - -10. Suppose 2*g - 31 = 3*c - 9, -4*g + q*c + 44 = w. Is 11 a factor of g?
True
Let m(s) = -2*s**2 + 1. Let w be m(1). Let y be 4/w - -5*7. Suppose -5*q + 29 + y = 0. Is q a multiple of 12?
True
Let m(d) = 4*d - 15. Let l be m(4). Suppose 43 - l = 3*b. Is b a multiple of 7?
True
Let i(u) = -357*u + 37. Is i(-3) a multiple of 35?
False
Let c(p) = p**3 - 6*p**2 + 2*p - 8. Let v be c(7). Let t = v + -39. Suppose 67 = 2*o + o + 5*g, 0 = -4*g - t. Is o a multiple of 7?
False
Suppose 0 = -2*y - 3*j - 11 + 3, -4*j = -3*y + 5. Is (1*y)/(33/(-3861)) a multiple of 9?
True
Is 66 a factor of -2 + 11 - (-44206)/46?
False
Let j be 69*(-76)/(-18) - (-4)/6. Let c = j + -196. Is 24 a factor of c?
True
Suppose -t - 2*y + 345 = 4*t, -5*t - y = -350. Suppose -f + 7 = 25. Let m = t + f. Is m a multiple of 18?
False
Suppose 0 = -w - 14 + 88. Let d = -29 + w. Is d a multiple of 15?
True
Let x = -21 + 28. Suppose x*d - 102 = 4*d. Does 30 divide d?
False
Let y(j) = -40*j + 171. Does 9 divide y(-33)?
False
Let f(o) = -o**3 - 10*o**2 - 3*o. Let j = 30 + -21. Suppose 0 = -4*l - 49 + j. Is f(l) a multiple of 15?
True
Let l be (1/(-2))/(1/(-6)). Suppose 0 = 3*k + l*a - 294, -2*a = 3*a. Is 15 a factor of k?
False
Let m = 34 + -29. Suppose 4*g - 208 = h - 4*h, m*h - 340 = -5*g. Is h a multiple of 16?
True
Let y be 5/2 - (-1 - (-12)/8). Suppose 0 = 4*x + 2*l - 230, -x - l = y*l - 55. Does 12 divide x?
False
Suppose -10*i = 52*i - 11408. Is 2 a factor of i?
True
Let u(r) = 0 + 0*r + 4*r + 2*r**2 + 4*r - 3. Is 7 a factor of u(-6)?
True
Suppose 0 = 4*y - 0*y - 76. Does 8 divide (-12)/5*(-1 - y)?
True
Let v = 294 - -25. Suppose -2 = 2*h, -v = -4*l + 4*h - 111. Is 10 a factor of l?
False
Let p = -25 + 21. Let i(q) = -27*q - 3. Is 15 a factor of i(p)?
True
Suppose 0 = 3*h + 16 - 52. Suppose 0*j - 6*j + h = 0. Is 7 a factor of j*(-3 - (3 + -19))?
False
Suppose -5*v + n + 2*n + 20 = 0, 0 = v - 5*n - 4. Suppose -3*u + 9 = -2*s, -v*s - 6 - 1 = 5*u. Is (-141)/(-2) + s/(-2) a multiple of 24?
True
Suppose -13*w = 37*w - 10500. Does 3 divide w?
True
Let t(h) = h**3 - 4*h**2 + 2*h + 3. Let r be t(3). Suppose r = 4*i - 12, 4*p - 36 = p + 2*i. Does 5 divide p?
False
Suppose -3*a = -556 + 43. Suppose 4*w - a = 61. Does 10 divide w?
False
Does 9 divide -3*(6 + (-4 - 8))?
True
Let v(j) = j**3 + 9*j**2 + 8*j + 4. Let c be v(-8). Suppose 5*u - 3*u + 5*m = 320, 0 = u - c*m - 186. Suppose -2*y - u = -7*y. Does 7 divide y?
False
Let h(z) = -z**3 + 5*z**2 - 5*z + 9. Let w be h(4). Suppose -5*l + 4*t = -297, -w*l + 2*l = -5*t - 173. Does 8 divide l?
False
Suppose t - 16 = 18. Suppose 13 = -n - t. Let m = n + 112. Is 18 a factor of m?
False
Let b be -3 - ((-4)/(-2) - 5). Let z be (-15)/(b + -3) - 3. Suppose -z*t - 12 = -4*t. Is t a multiple of 6?
True
Let n = 950 - 437. Is 17 a factor of n?
False
Suppose x + 2*x = 6. Let k(f) = -1 - 12 - 7*f + 2 + f**3 + 5*f**x + 4. Is k(-5) a multiple of 14?
True
Let x = -30 + 79. Is 16 a factor of x?
False
Let j = -373 - -396. Is 2 a factor of j?
False
Let c(q) = -3*q**2 + 2*q**2 + 2 - 76*q + 95*q. Is c(15) a multiple of 18?
False
Let n be 0/((-5)/((-10)/8)). Suppose -t = -4*s - 4*t + 19, 3*s + 5*t - 17 = n. Does 10 divide (-1)/s*2*-118?
False
Let q(f) = -f**2 + 6*f - 2. Suppose -49 = -2*n - m, n = -0*n - m + 25. Suppose n = 4*h + 4. Is q(h) a multiple of 3?
True
Suppose -b - 8 = -2*x, 3*x = -2*x - 5. Let y = b + 16. Suppose y*l - 232 = 4*l. Does 31 divide l?
False
Let l(i) = 1 - 2 - 16*i**3 + 13*i**3 - i. Let n be l(-1). Is (-11)/(3 + -4) - n a multiple of 4?
True
Suppose 2*o - 4*o = -2. Is 2/o + 372/3 a multiple of 21?
True
Let y be (-4)/14 - 23/(-7). Let c = -31 - -35. Suppose 4*k + 12 = 0, y*h + c*k = -24 + 93. Does 15 divide h?
False
Suppose 2*f = -2*r + 736, 0 = -4*f + 17*r - 12*r + 1490. Is f a multiple of 15?
False
Let g = -26 - -13. Let f = g + 14. Is 2 a factor of f/(2 - (-13)/(-7))?
False
Let n(x) be the second derivative of -x**5/20 + 5*x**4/12 + 3*x**3/2 - 3*x**2/2 + 11*x. Is n(6) a multiple of 5?
True
Suppose -4*d - 12 + 0 = 0, -9 = -2*k + 3*d. Suppose -4*l = -l - 9. Suppose k = -l*x + 3*f + 150, x - f - 56 = 3*f. Does 14 divide x?
False
Is (15/(-20))/(1 - 1423/1420) a multiple of 11?
False
Suppose 0 = -14*b + 815 + 2125. Is 24 a factor of b?
False
Suppose 2*m - 5*r - 3 = -0*m, m + 3*r + 4 = 0. Let p be m/4 + 1815/60. Does 8 divide (-100)/(-15)*p/8?
False
Suppose 5*k - 2 - 18 = 0. Suppose -k*f = f - 10. Suppose x